e number?
True
Is 50821 composite?
False
Is 1002679 composite?
False
Is 1525493 composite?
False
Is 40091 a prime number?
False
Is 8566 prime?
False
Is 53545 a prime number?
False
Is 17349 a prime number?
False
Is 7793 prime?
True
Is 7799 prime?
False
Is 20323 composite?
False
Is 1191 composite?
True
Is 4328017 prime?
True
Is 42179 a prime number?
True
Is 22047 a prime number?
False
Is 65167 composite?
False
Is 8039 a prime number?
True
Is 91019 a composite number?
False
Is 1165511 a prime number?
True
Is 103749 prime?
False
Is 34897 composite?
False
Is 189509 prime?
True
Is 41717 prime?
False
Is 20906 a composite number?
True
Is 14903 a composite number?
True
Is 357562 a prime number?
False
Is 21503 a composite number?
False
Is 43889 composite?
False
Is 102463 composite?
True
Is 22709 composite?
False
Is 14923 prime?
True
Is 169003 composite?
False
Is 593 prime?
True
Is 33679 composite?
False
Is 41729 a prime number?
True
Is 8543 a composite number?
False
Is 740849 composite?
False
Is 36853 a prime number?
False
Is 143807 a composite number?
False
Is 298163 a composite number?
True
Is 124847 a prime number?
True
Is 156557 prime?
False
Is 19441 a composite number?
False
Is 8023 composite?
True
Is 5998 prime?
False
Is 3457 a composite number?
False
Is 26831 a composite number?
True
Is 666329 a prime number?
True
Is 23398 a composite number?
True
Is 884267 composite?
False
Is 1885901 a composite number?
True
Is 16715 composite?
True
Is 204161 prime?
True
Is 76561 prime?
True
Is 229949 a composite number?
False
Is 49901 composite?
True
Is 17417 a prime number?
True
Is 261313 a composite number?
True
Is 11905 a composite number?
True
Is 10279 a prime number?
False
Is 28267 a prime number?
False
Is 1108459 composite?
True
Is 15679 composite?
False
Is 38345 prime?
False
Is 3733269 prime?
False
Is 27994 a prime number?
False
Is 2819 composite?
False
Is 59207 a composite number?
False
Is 14029 prime?
True
Is 12981 a composite number?
True
Is 87443 prime?
True
Is 79333 a prime number?
True
Is 7817 a composite number?
False
Is 36433 prime?
True
Is 29041 prime?
False
Is 18151 a composite number?
True
Is 81611 a composite number?
False
Is 24347 a composite number?
True
Is 110339 prime?
True
Is 14173 composite?
False
Is 54959 a composite number?
False
Is 10417 a composite number?
True
Is 8285 prime?
False
Is 97423 prime?
True
Is 2153 a prime number?
True
Is 15727 a composite number?
False
Is 131293 composite?
False
Is 1361 a prime number?
True
Is 35489 a composite number?
True
Is 679981 a composite number?
False
Is 351577 a composite number?
True
Is 102031 prime?
True
Is 6529 composite?
False
Is 3137 prime?
True
Is 38723 composite?
False
Is 117493 composite?
True
Is 12437 a prime number?
True
Is 110963 a prime number?
False
Is 2149 prime?
False
Is 178199 a prime number?
False
Is 86101 a prime number?
False
Is 1150117 composite?
False
Is 681185 a prime number?
False
Is 758071 prime?
True
Is 101247 prime?
False
Is 105797 prime?
False
Is 2503 a prime number?
True
Is 55763 composite?
False
Is 22207 a prime number?
False
Is 331063 prime?
True
Is 40189 a prime number?
True
Is 448869 a composite number?
True
Is 94429 prime?
False
Is 562 prime?
False
Is 585911 composite?
False
Is 205385 a prime number?
False
Is 16943 a prime number?
True
Is 936151 a composite number?
False
Is 37409 a composite number?
False
Is 785051 prime?
False
Is 8201 composite?
True
Is 588613 a composite number?
True
Is 5541 composite?
True
Is 1024367 a prime number?
False
Is 798046 a prime number?
False
Is 86161 prime?
True
Is 363877 a prime number?
False
Is 6619 a prime number?
True
Is 188843 prime?
True
Is 46381 a composite number?
False
Is 2503 a prime number?
True
Is 612893 composite?
True
Is 796063 composite?
False
Is 8923 composite?
False
Is 156617 prime?
False
Is 422041 a prime number?
True
Is 58309 prime?
True
Is 462683 composite?
True
Is 968339 composite?
True
Is 51809 prime?
False
Is 13591 prime?
True
Is 125999 prime?
False
Is 80897 composite?
False
Is 265241 a composite number?
False
Is 10007 composite?
False
Is 128195 a composite number?
True
Is 6197 a prime number?
True
Is 25822 a prime number?
False
Is 83137 composite?
False
Is 78623 prime?
True
Is 815357 a prime number?
False
Is 140401 a composite number?
False
Is 818 a prime number?
False
Is 6067 composite?
False
Is 164741 prime?
False
Is 889 composite?
True
Is 36247 a composite number?
True
Is 29257 composite?
True
Is 210719 a prime number?
True
Is 34403 a composite number?
False
Is 1423 composite?
False
Is 4957 a prime number?
True
Is 128251 prime?
False
Is 114151 a prime number?
False
Is 707899 a prime number?
False
Is 4099 prime?
True
Is 14137 a composite number?
True
Is 2517 a composite number?
True
Is 283915 prime?
False
Is 240997 prime?
True
Is 368089 prime?
True
Is 68279 prime?
True
Is 38917 a composite number?
False
Is 1897763 a composite number?
True
Is 15926 a composite number?
True
Is 78673 a composite number?
True
Is 8861 a prime number?
True
Is 953831 prime?
True
Is 8513 composite?
False
Is 14777 a composite number?
True
Is 25969 composite?
False
Is 11027 a prime number?
True
Is 28081 prime?
True
Is 312781 composite?
True
Is 20674 composite?
True
Is 9311 prime?
True
Is 6617 a composite number?
True
Is 25031 a composite number?
False
Is 86186 a prime number?
False
Is 1973 composite?
False
Is 10357 a composite number?
False
Is 7247 a prime number?
True
Is 7393 prime?
True
Is 36061 a prime number?
True
Is 67627 composite?
True
Is 13479 a composite number?
True
Is 1537 a prime number?
False
Is 14969 prime?
True
Is 32407 a composite number?
True
Is 150001 prime?
True
Is 18341 a prime number?
True
Is 32722 composite?
True
Is 873017 prime?
True
Is 674347 a composite number?
False
Is 945331 prime?
True
Is 356719 composite?
True
Is 18089 a prime number?
True
Is 3519097 composite?
False
Is 148739 a composite number?
True
Is 26947 a prime number?
True
Is 24959 prime?
False
Is 337343 a composite number?
False
Is 99537 composite?
True
Is 4811 composite?
True
Is 52859 a prime number?
True
Is 260647 composite?
False
Is 301503 composite?
True
Is 18087 prime?
False
Is 368027 prime?
False
Is 232259 a prime number?
True
Is 1482913 a prime number?
False
Is 7123 a prime number?
False
Is 130151 a composite number?
True
Is 6673 prime?
True
Is 4685 a composite number?
True
Is 1241585 a composite number?
True
Is 12227 a prime number?
True
Is 91055 a prime number?
False
Is 5519 composite?
False
Is 237295 composite?
True
Is 405959 a prime number?
True
Is 7069 a prime number?
True
Is 30669 a prime number?
False
Is 11777 a prime number?
True
Is 1514551 a prime number?
True
Is 3359 prime?
True
Is 75731 prime?
True
Is 150295 a prime number?
False
Is 4279 a prime number?
False
Is 758 composite?
True
Is 359837 prime?
True
Is 9967 composite?
False
Is 123817 composite?
False
Is 16231 composite?
False
Is 11591 prime?
False
Is 99443 composite?
True
Is 1729873 a composite number?
True
Is 3109 prime?
True
Is 316682 a composite number?
True
Is 160603 a prime number?
True
Is 145511 prime?
True
Is 80257 a prime number?
False
Is 132043 a prime number?
False
Is 615673 composite?
True
Is 14349 prime?
False
Is 2019317 a composite number?
False
Is 275227 a composite number?
False
Is 212777 composite?
False
Is 1261397 a prime number?
False
Is 60539 a prime number?
True
Is 175089 a composite number?
True
Is 58442 composite?
True
Is 448367 a composite number?
False
Is 2773 a composite number?
True
Is 36107 a prime number?
True
Is 98647 a composite number?
True
Is 2209 a composite number?
True
Is 107891 prime?
False
Is 134137 a prime number?
False
Is 1317 a composite number?
True
Is 34583 prime?
True
Is 493 composite?
True
Is 11759 prime?
False
Is 16759 a composite number?
False
Is 12007 a composite number?
False
Is 86951 prime?
True
Is 46301 a prime number?
True
Is 46243 a prime number?
False
Is 22961 prime?
True
Is 2489 a prime number?
False
Is 249199 prime?
True
Is 27271 prime?
True
Is 372055 prime?
False
Is 165147 a prime number?
False
Is 65137 prime?
False
Is 14 a composite number?
True
Is 3459749 a prime number?
True
Is 3427 composite?
True
Is 22739 a prime number?
True
Is 134053 composite?
False
Is 441029 composite?
False
Is 175391 a composite number?